alculate the greatest common divisor of 277633 and 23.
23
Calculate the highest common divisor of 11194 and 170998.
386
What is the highest common factor of 207378 and 1681?
41
What is the highest common divisor of 362 and 51223?
181
What is the highest common factor of 590210 and 10?
10
Calculate the highest common divisor of 547703 and 26.
13
Calculate the greatest common factor of 740898 and 36.
18
What is the greatest common factor of 7482 and 18318?
258
Calculate the greatest common divisor of 18420 and 720.
60
Calculate the highest common factor of 1224 and 3485.
17
Calculate the greatest common factor of 4008 and 8183.
167
What is the highest common divisor of 867 and 60469?
17
What is the greatest common factor of 2594235 and 63?
21
Calculate the greatest common divisor of 62325 and 885.
15
What is the greatest common divisor of 24 and 1008288?
24
Calculate the highest common factor of 44661 and 2.
1
Calculate the greatest common divisor of 77556 and 3312.
276
What is the greatest common divisor of 24885 and 18165?
105
Calculate the highest common divisor of 432 and 216.
216
What is the highest common factor of 1104388 and 654?
218
Calculate the greatest common factor of 181934 and 68.
34
What is the highest common divisor of 529086 and 218?
218
What is the greatest common divisor of 2002 and 2366?
182
Calculate the greatest common factor of 381274 and 79474.
1006
What is the highest common divisor of 4209 and 13524?
69
What is the highest common factor of 130 and 298090?
130
What is the highest common factor of 64264 and 696?
232
Calculate the greatest common divisor of 5282785 and 10.
5
Calculate the greatest common divisor of 1215500 and 7436.
572
What is the greatest common factor of 115 and 10649?
23
What is the greatest common divisor of 294206 and 1892?
946
Calculate the highest common factor of 56 and 669760.
56
What is the highest common factor of 10 and 209325?
5
Calculate the greatest common divisor of 63 and 32907.
21
What is the highest common factor of 23 and 1454543?
23
What is the highest common divisor of 91 and 52654?
7
What is the highest common divisor of 3934811 and 164?
41
Calculate the greatest common divisor of 90869 and 5105.
1021
Calculate the greatest common divisor of 1153530 and 210.
210
Calculate the highest common divisor of 5132 and 12.
4
What is the greatest common factor of 273 and 26817?
21
What is the greatest common divisor of 19 and 526091?
19
What is the highest common divisor of 59682 and 261?
87
Calculate the highest common factor of 187 and 99960.
17
Calculate the highest common factor of 1195 and 25573.
239
Calculate the highest common divisor of 78 and 66482.
26
Calculate the highest common divisor of 4 and 8212.
4
What is the greatest common factor of 2321616 and 96?
48
Calculate the highest common factor of 26567 and 310.
31
Calculate the greatest common factor of 20 and 3110.
10
Calculate the greatest common divisor of 36442 and 114.
38
Calculate the highest common divisor of 2354316 and 36.
12
What is the highest common factor of 10933 and 181337?
377
Calculate the highest common factor of 458470 and 190.
190
Calculate the greatest common divisor of 636 and 2774868.
636
Calculate the greatest common divisor of 11816 and 1.
1
Calculate the greatest common factor of 359855 and 5.
5
What is the greatest common divisor of 6763409 and 116?
29
What is the highest common divisor of 3787 and 714661?
541
Calculate the highest common divisor of 688 and 46268.
172
What is the highest common factor of 10356 and 30?
6
What is the highest common divisor of 370 and 144?
2
Calculate the highest common divisor of 1055304 and 72.
72
Calculate the greatest common factor of 79599 and 7536.
471
What is the highest common factor of 18464 and 384?
32
Calculate the greatest common factor of 287 and 9799.
41
Calculate the greatest common divisor of 513 and 4769.
19
Calculate the greatest common factor of 136 and 451180.
68
Calculate the greatest common divisor of 276 and 15828.
12
Calculate the greatest common divisor of 277365 and 1640.
205
What is the greatest common factor of 155 and 1330055?
155
What is the highest common factor of 56 and 301304?
8
What is the greatest common factor of 1315 and 12710?
5
Calculate the greatest common factor of 1640180 and 80.
20
What is the highest common factor of 1133 and 29073?
11
Calculate the highest common divisor of 10503 and 513.
27
Calculate the greatest common factor of 26 and 498.
2
What is the greatest common factor of 5600 and 3220?
140
What is the greatest common factor of 441 and 1687?
7
Calculate the highest common divisor of 162 and 12222.
18
Calculate the greatest common factor of 3456 and 1404.
108
Calculate the greatest common factor of 40232 and 35524.
428
What is the highest common factor of 1 and 1392?
1
What is the greatest common divisor of 767649 and 885?
177
Calculate the greatest common factor of 7578 and 153.
9
What is the greatest common factor of 493 and 11571?
29
What is the highest common factor of 108 and 3937302?
54
What is the greatest common factor of 432410 and 110?
110
Calculate the greatest common divisor of 296 and 17.
1
What is the highest common factor of 2407806 and 3507?
501
What is the highest common divisor of 97854 and 1457?
47
Calculate the highest common factor of 24 and 10264.
8
Calculate the highest common divisor of 328 and 428286.
82
What is the greatest common divisor of 30 and 221580?
30
Calculate the greatest common factor of 12916 and 4.
4
Calculate the highest common divisor of 78451 and 57.
19
Calculate the highest common factor of 27390 and 224847.
249
What is the greatest common factor of 54984 and 522?
174
Calculate the greatest common divisor of 208 and 7480.
8
What is the greatest common divisor of 500 and 90500?
500
Calculate the greatest common factor of 3311336 and 2436.
812
Calculate the greatest common divisor of 119583 and 93.
3
What is the highest common divisor of 52796 and 8040?
268
Calculate the highest common factor of 49 and 244769.
7
What is the greatest common factor of 1103103 and 1035?
207
What is the highest common factor of 103246 and 8723?
143
Calculate the highest common factor of 2356 and 23436.
124
Calculate the highest common factor of 136 and 1037.
17
Calculate the highest common divisor of 277753 and 7.
7
Calculate the highest common divisor of 28 and 269969.
7
What is the highest common factor of 9568 and 302016?
416
What is the greatest common divisor of 4543 and 308?
77
What is the highest common divisor of 416 and 50128?
208
What is the greatest common divisor of 57 and 300333?
57
Calculate the greatest common factor of 80 and 4315.
5
Calculate the greatest common divisor of 34 and 68051.
17
What is the highest common factor of 1994978 and 2?
2
What is the greatest common divisor of 1535 and 42059?
307
Calculate the highest common divisor of 13175 and 76075.
425
What is the greatest common factor of 3290 and 1392986?
658
What is the greatest common divisor of 1408 and 5192?
88
Calculate the highest common divisor of 229655 and 10.
5
What is the greatest common factor of 3910 and 91630?
170
Calculate the greatest common divisor of 2992 and 204.
68
What is the greatest common divisor of 15 and 81105?
15
What is the greatest common divisor of 880 and 220160?
80
What is the greatest common factor of 18 and 3106890?
18
Calculate the greatest common factor of 90 and 3830.
10
What is the highest common divisor of 637 and 35399?
91
Calculate the greatest common factor of 51624 and 216.
216
Calculate the highest common factor of 168 and 622524.
84
Calculate the greatest common divisor of 78 and 25558.
26
What is the greatest common divisor of 680784 and 2496?
624
Calculate the highest common factor of 9620 and 1660.
20
Calculate the highest common divisor of 18 and 2238.
6
Calculate the highest common factor of 847517 and 55.
11
Calculate the greatest common factor of 1018050 and 495.
165
Calculate the highest common divisor of 96 and 20946.
6
What is the greatest common factor of 3936 and 228?
12
What is the greatest common divisor of 1634832 and 432?
144
What is the highest common factor of 812 and 28?
28
Calculate the highest common factor of 614697 and 549.
183
Calculate the greatest 